{"id":15,"date":"2020-05-10T14:14:40","date_gmt":"2020-05-10T14:14:40","guid":{"rendered":"https:\/\/create4.net\/buetzfleth\/?page_id=15"},"modified":"2021-05-12T07:50:20","modified_gmt":"2021-05-12T07:50:20","slug":"ortschaft","status":"publish","type":"page","link":"https:\/\/buetzfleth.de\/?page_id=15","title":{"rendered":"Ortschaft"},"content":{"rendered":"\r\n<p><strong>Herzlich Willkommen<\/strong><br \/>auf den Seiten der Ortschaft B\u00fctzfleth.<\/p>\r\n\r\n\r\n\r\n<p>B\u00fctzfleth, gelegen in einer reizvollen Landschaft im s\u00fcdlichsten Bereich des Kehdinger Landes mit einer Landschaftsform aus Marsch und Moor, wurde erstmalig im Jahre 1060 als Buttesflethe benannt.<\/p>\r\n\r\n\r\n\r\n<p>Durch seine Lage in Moor- und Marschlandschaft, mit Gel\u00e4ndeh\u00f6hen zwischen -1,6 und +1,8 m \u00fcber dem Meeresspiegel, ist B\u00fctzfleth einer der tiefst gelegenden Orte Deutschlands.<\/p>\r\n\r\n\r\n\r\n<p>Gepr\u00e4gt wird die Ortschaft B\u00fctzfleth, in der z. Zt. 4600 Einwohner leben, von Landwirtschaft, Handwerk, Einzelhandel und der Gro\u00dfindustrie auf dem B\u00fctzflether Sand mit Hafen.<\/p>\r\n\r\n\r\n\r\n<p>Mit einem G\u00fcterumschlag von 4.181.537 Tonnen und einer Abfertigung von ca. 800 Schiffen im Jahr (2003) ist B\u00fctzfleth der drittgr\u00f6\u00dfte Hafen in Niedersachsen. (Nieders\u00e4chisches Landesamt f\u00fcr Statistik)<\/p>\r\n\r\n\r\n\r\n<p>Der Ort geh\u00f6rt seit 1972 zur <a href=\"http:\/\/www.stadt-stade.info\" target=\"_blank\" rel=\"noopener\">Hansestadt Stade<\/a> und wird in seinen regionalen Interessen durch seinen Ortsrat\u00a0vertreten.<\/p>\r\n\r\n\r\n\r\n<p>Ich w\u00fcnsche Ihnen viel Spa\u00df beim Verweilen, und sollten Sie Fragen oder Anregungen zu B\u00fctzfleth haben, freue ich mich von Ihnen zu h\u00f6ren.<\/p>\r\n\r\n\r\n\r\n<p>Mit freundlichen Gr\u00fc\u00dfen<br \/><strong>Christoph von Schassen<\/strong><br \/>Ortsb\u00fcrgermeister<\/p>\r\n","protected":false},"excerpt":{"rendered":"<p>Herzlich Willkommenauf den Seiten der Ortschaft B\u00fctzfleth. B\u00fctzfleth, gelegen in einer reizvollen Landschaft im s\u00fcdlichsten Bereich des Kehdinger Landes mit einer Landschaftsform aus Marsch und Moor, wurde erstmalig im Jahre 1060 als Buttesflethe benannt. Durch seine Lage in Moor- und Marschlandschaft, mit Gel\u00e4ndeh\u00f6hen zwischen -1,6 und +1,8 m \u00fcber dem Meeresspiegel, ist B\u00fctzfleth einer der<\/p>\n<p class=\"more-link\"><a href=\"https:\/\/buetzfleth.de\/?page_id=15\" class=\"themebutton\">Read More<\/a><\/p>\n","protected":false},"author":1,"featured_media":0,"parent":0,"menu_order":0,"comment_status":"closed","ping_status":"closed","template":"","meta":[],"_links":{"self":[{"href":"https:\/\/buetzfleth.de\/index.php?rest_route=\/wp\/v2\/pages\/15"}],"collection":[{"href":"https:\/\/buetzfleth.de\/index.php?rest_route=\/wp\/v2\/pages"}],"about":[{"href":"https:\/\/buetzfleth.de\/index.php?rest_route=\/wp\/v2\/types\/page"}],"author":[{"embeddable":true,"href":"https:\/\/buetzfleth.de\/index.php?rest_route=\/wp\/v2\/users\/1"}],"replies":[{"embeddable":true,"href":"https:\/\/buetzfleth.de\/index.php?rest_route=%2Fwp%2Fv2%2Fcomments&post=15"}],"version-history":[{"count":7,"href":"https:\/\/buetzfleth.de\/index.php?rest_route=\/wp\/v2\/pages\/15\/revisions"}],"predecessor-version":[{"id":456,"href":"https:\/\/buetzfleth.de\/index.php?rest_route=\/wp\/v2\/pages\/15\/revisions\/456"}],"wp:attachment":[{"href":"https:\/\/buetzfleth.de\/index.php?rest_route=%2Fwp%2Fv2%2Fmedia&parent=15"}],"curies":[{"name":"wp","href":"https:\/\/api.w.org\/{rel}","templated":true}]}}