{"id":106,"date":"2020-11-11T12:16:26","date_gmt":"2020-11-11T12:16:26","guid":{"rendered":"https:\/\/create4.net\/buetzfleth\/?page_id=106"},"modified":"2024-12-13T06:46:15","modified_gmt":"2024-12-13T06:46:15","slug":"ortsrat-buetzfleth","status":"publish","type":"page","link":"https:\/\/buetzfleth.de\/?page_id=106","title":{"rendered":"Ortsrat B\u00fctzfleth"},"content":{"rendered":"\r\n<div class=\"wp-block-group\">\r\n<div class=\"wp-block-group__inner-container\">\r\n<div class=\"wp-block-group\">\r\n<div class=\"wp-block-group__inner-container\">\r\n<p class=\"has-text-align-left\"><strong>Ortsb\u00fcrgermeister Christoph von Schassen <\/strong>&#8211; CDU\u00a0&#8211;\u00a0S\u00fcderstra\u00dfe 254, 21683 Stade, 0171 \/ 69 28 831, 0 41 46 \/ 90 87 91,\u00a0<a href=\"mailto:christoph-schassen@t-online.de\">eMail<\/a>\u00a0<\/p>\r\n<\/div>\r\n<\/div>\r\n<\/div>\r\n<\/div>\r\n\r\n\r\n\r\n<p><strong>stellv. Ortsb\u00fcrgermeisterin Daniela Oswald<\/strong> &#8211; SPD &#8211; G\u00f6tzdorfer Stra\u00dfe 158B, 21683 Stade<\/p>\r\n\r\n\r\n\r\n<p><strong>stell. Ortsb\u00fcrgermeist<\/strong><strong>er Dr. Jochen Witt <\/strong>&#8211;\u00a0WG &#8211; Obstmarschenweg 358A, 21683 Stade,\u00a00 41 46 \/ 246,\u00a0<a href=\"mailto:jochenwitt@web.de\">eMail<\/a><\/p>\r\n\r\n\r\n\r\n<p>\u00a0<strong>J\u00f6rg von Bargen <\/strong>&#8211; CDU\u00a0<\/p>\r\n<p><strong>Hartmut Borchers <\/strong>&#8211; CDU\u00a0\u00a0<\/p>\r\n\r\n\r\n\r\n<p><strong>Atalay Bulut <\/strong>&#8211; SPD\u00a0<\/p>\r\n\r\n\r\n\r\n<p><strong>Hilke Ehlers <\/strong>&#8211; FDP\u00a0<\/p>\r\n\r\n\r\n\r\n<p><strong>Elke Hartlef &#8211; <\/strong>CDU\u00a0<\/p>\r\n\r\n\r\n\r\n\r\n\r\n<p><strong>Britta Meyer<\/strong> &#8211; CDU &#8211; beratendes Mitglied\u00a0<\/p>\r\n\r\n\r\n\r\n<p><strong>Mike M\u00fcller<\/strong> &#8211; CDU<\/p>\r\n<p><strong>J\u00f6rg<\/strong><strong>\u00a0 Schrickel <\/strong>&#8211; Parteilos<\/p>\r\n<p><strong>Dirk Schwarz <\/strong>&#8211; CDU\u00a0<\/p>\r\n<p><strong>Mandus Witt <\/strong>&#8211; WGB<\/p>\r\n\r\n\r\n\r\n\r\n\r\n<p><strong>Ali Yildiz<\/strong> &#8211; SPD<\/p>\r\n<p><strong>Christian Funck<\/strong> &#8211; CDU<\/p>\r\n<p><strong>Fabien Koppelmann<\/strong> &#8211; SPD<\/p>\r\n<p><strong>Melanie Reinecke<\/strong> &#8211; CDU &#8211; beratendes Mitglied<\/p>\r\n\r\n\r\n\r\n\r\n\r\n<p>&nbsp;<\/p>\r\n\r\n\r\n\r\n\r\n\r\n<p>&nbsp;<\/p>\r\n","protected":false},"excerpt":{"rendered":"<p>stellv. Ortsb\u00fcrgermeisterin Daniela Oswald &#8211; SPD &#8211; G\u00f6tzdorfer Stra\u00dfe 158B, 21683 Stade stell. Ortsb\u00fcrgermeister Dr. Jochen Witt &#8211;\u00a0WG &#8211; Obstmarschenweg 358A, 21683 Stade,\u00a00 41 46 \/ 246,\u00a0eMail \u00a0J\u00f6rg von Bargen &#8211; CDU\u00a0 Hartmut Borchers &#8211; CDU\u00a0\u00a0 Atalay Bulut &#8211; SPD\u00a0 Hilke Ehlers &#8211; FDP\u00a0 Elke Hartlef &#8211; CDU\u00a0 Britta Meyer &#8211; CDU &#8211; beratendes Mitglied\u00a0<\/p>\n<p class=\"more-link\"><a href=\"https:\/\/buetzfleth.de\/?page_id=106\" class=\"themebutton\">Read More<\/a><\/p>\n","protected":false},"author":1,"featured_media":0,"parent":0,"menu_order":0,"comment_status":"closed","ping_status":"closed","template":"","meta":[],"_links":{"self":[{"href":"https:\/\/buetzfleth.de\/index.php?rest_route=\/wp\/v2\/pages\/106"}],"collection":[{"href":"https:\/\/buetzfleth.de\/index.php?rest_route=\/wp\/v2\/pages"}],"about":[{"href":"https:\/\/buetzfleth.de\/index.php?rest_route=\/wp\/v2\/types\/page"}],"author":[{"embeddable":true,"href":"https:\/\/buetzfleth.de\/index.php?rest_route=\/wp\/v2\/users\/1"}],"replies":[{"embeddable":true,"href":"https:\/\/buetzfleth.de\/index.php?rest_route=%2Fwp%2Fv2%2Fcomments&post=106"}],"version-history":[{"count":31,"href":"https:\/\/buetzfleth.de\/index.php?rest_route=\/wp\/v2\/pages\/106\/revisions"}],"predecessor-version":[{"id":1102,"href":"https:\/\/buetzfleth.de\/index.php?rest_route=\/wp\/v2\/pages\/106\/revisions\/1102"}],"wp:attachment":[{"href":"https:\/\/buetzfleth.de\/index.php?rest_route=%2Fwp%2Fv2%2Fmedia&parent=106"}],"curies":[{"name":"wp","href":"https:\/\/api.w.org\/{rel}","templated":true}]}}